{"id":42,"date":"2025-12-02T16:34:57","date_gmt":"2025-12-02T16:34:57","guid":{"rendered":"https:\/\/www.bvtaipas.com\/site\/?page_id=42"},"modified":"2025-12-09T11:58:45","modified_gmt":"2025-12-09T11:58:45","slug":"quer-ser-bombeiro","status":"publish","type":"page","link":"https:\/\/www.bvtaipas.com\/site\/quer-ser-bombeiro\/","title":{"rendered":"Quer ser Bombeiro?"},"content":{"rendered":"\t\t<div data-elementor-type=\"wp-page\" data-elementor-id=\"42\" class=\"elementor elementor-42\" data-elementor-post-type=\"page\">\n\t\t\t\t<div class=\"elementor-element elementor-element-2357191 e-flex e-con-boxed e-con e-parent\" data-id=\"2357191\" data-element_type=\"container\">\n\t\t\t\t\t<div class=\"e-con-inner\">\n\t\t<div class=\"elementor-element elementor-element-59df27c e-con-full e-flex e-con e-child\" data-id=\"59df27c\" data-element_type=\"container\" data-settings=\"{&quot;background_background&quot;:&quot;classic&quot;}\">\n\t\t\t\t<\/div>\n\t\t<div class=\"elementor-element elementor-element-832665f e-con-full e-flex e-con e-child\" data-id=\"832665f\" data-element_type=\"container\">\n\t\t<div class=\"elementor-element elementor-element-179b259 e-con-full e-flex e-con e-child\" data-id=\"179b259\" data-element_type=\"container\">\n\t\t\t\t<div class=\"elementor-element elementor-element-ce3f4eb elementor-widget elementor-widget-heading\" data-id=\"ce3f4eb\" data-element_type=\"widget\" data-widget_type=\"heading.default\">\n\t\t\t\t\t<h2 class=\"elementor-heading-title elementor-size-default\">Quer ser Bombeiro?<\/h2>\t\t\t\t<\/div>\n\t\t\t\t<div class=\"elementor-element elementor-element-21a5d3f elementor-widget elementor-widget-text-editor\" data-id=\"21a5d3f\" data-element_type=\"widget\" data-widget_type=\"text-editor.default\">\n\t\t\t\t\t\t\t\t\t<p>Se tem vontade de ajudar os outros e esp\u00edrito de equipa, esta pode ser a sua oportunidade de fazer a diferen\u00e7a!<\/p><p>\u00a0<\/p><p>A Associa\u00e7\u00e3o Humanit\u00e1ria dos Bombeiros Volunt\u00e1rios das Caldas das Taipas est\u00e1 \u00e0 procura de novos volunt\u00e1rios e profissionais comprometidos com os valores da solidariedade, entreajuda e responsabilidade.<\/p><p>\u00a0<\/p><p><strong>Requisitos:<\/strong><br \/>\u2212 Idade compreendida entre os 17 e os 45 anos;<br \/>\u2212 Escolaridade m\u00ednima obrigat\u00f3ria, reconhecida legalmente em Portugal;<br \/>\u2212 Robustez f\u00edsica e psicol\u00f3gica, adequada \u00e0s exig\u00eancias da fun\u00e7\u00e3o;<br \/>\u2212 Esp\u00edrito de equipa e esp\u00edrito de entreajuda.<\/p><p>\u00a0<\/p><p><strong>Aqui, cada a\u00e7\u00e3o conta! Junte-se a n\u00f3s e ajude-nos a cuidar de todos.<\/strong><\/p>\t\t\t\t\t\t\t\t<\/div>\n\t\t\t\t<\/div>\n\t\t\t\t<div class=\"elementor-element elementor-element-cf2da04 arrow-fix elementor-widget elementor-widget-button\" data-id=\"cf2da04\" data-element_type=\"widget\" data-widget_type=\"button.default\">\n\t\t\t\t\t\t\t\t\t\t<a class=\"elementor-button elementor-button-link elementor-size-sm\" href=\"https:\/\/forms.office.com\/pages\/responsepage.aspx?id=DQSIkWdsW0yxEjajBLZtrQAAAAAAAA%20AAAAZ__jPdGlRUOFJMUlRSRlZSSVA0UVREQlZEMERaT1VGQS4u&#038;origin=lprLink&#038;route=sh%20orturl\" target=\"_blank\">\n\t\t\t\t\t\t<span class=\"elementor-button-content-wrapper\">\n\t\t\t\t\t\t<span class=\"elementor-button-icon\">\n\t\t\t\t<svg xmlns=\"http:\/\/www.w3.org\/2000\/svg\" width=\"7\" height=\"12\" viewBox=\"0 0 7 12\" fill=\"none\"><path d=\"M6.45312 5.49609C6.69922 5.76953 6.69922 6.17969 6.45312 6.42578L1.20312 11.6758C0.929688 11.9492 0.519531 11.9492 0.273438 11.6758C0 11.4297 0 11.0195 0.273438 10.7734L5.05859 5.98828L0.273438 1.17578C0 0.929688 0 0.519531 0.273438 0.273438C0.519531 0 0.929688 0 1.17578 0.273438L6.45312 5.49609Z\" fill=\"white\"><\/path><\/svg>\t\t\t<\/span>\n\t\t\t\t\t\t\t\t\t<span class=\"elementor-button-text\">Inscreva-se aqui<\/span>\n\t\t\t\t\t<\/span>\n\t\t\t\t\t<\/a>\n\t\t\t\t\t\t\t\t<\/div>\n\t\t\t\t<\/div>\n\t\t\t\t\t<\/div>\n\t\t\t\t<\/div>\n\t\t\t\t<\/div>\n\t\t","protected":false},"excerpt":{"rendered":"<p>Quer ser Bombeiro? Se tem vontade de ajudar os outros e esp\u00edrito de equipa, esta pode ser a sua oportunidade de fazer a diferen\u00e7a! \u00a0 A Associa\u00e7\u00e3o Humanit\u00e1ria dos Bombeiros Volunt\u00e1rios das Caldas das Taipas est\u00e1 \u00e0 procura de novos volunt\u00e1rios e profissionais comprometidos com os valores da solidariedade, entreajuda e responsabilidade. \u00a0 Requisitos:\u2212 Idade [&hellip;]<\/p>\n","protected":false},"author":2,"featured_media":0,"parent":0,"menu_order":0,"comment_status":"closed","ping_status":"closed","template":"","meta":{"_acf_changed":false,"footnotes":""},"class_list":["post-42","page","type-page","status-publish","hentry"],"acf":[],"_links":{"self":[{"href":"https:\/\/www.bvtaipas.com\/site\/wp-json\/wp\/v2\/pages\/42","targetHints":{"allow":["GET"]}}],"collection":[{"href":"https:\/\/www.bvtaipas.com\/site\/wp-json\/wp\/v2\/pages"}],"about":[{"href":"https:\/\/www.bvtaipas.com\/site\/wp-json\/wp\/v2\/types\/page"}],"author":[{"embeddable":true,"href":"https:\/\/www.bvtaipas.com\/site\/wp-json\/wp\/v2\/users\/2"}],"replies":[{"embeddable":true,"href":"https:\/\/www.bvtaipas.com\/site\/wp-json\/wp\/v2\/comments?post=42"}],"version-history":[{"count":16,"href":"https:\/\/www.bvtaipas.com\/site\/wp-json\/wp\/v2\/pages\/42\/revisions"}],"predecessor-version":[{"id":1061,"href":"https:\/\/www.bvtaipas.com\/site\/wp-json\/wp\/v2\/pages\/42\/revisions\/1061"}],"wp:attachment":[{"href":"https:\/\/www.bvtaipas.com\/site\/wp-json\/wp\/v2\/media?parent=42"}],"curies":[{"name":"wp","href":"https:\/\/api.w.org\/{rel}","templated":true}]}}

<div data-elementor-type="wp-page" data-elementor-id="42" class="elementor elementor-42" data-elementor-post-type="page">
				<div class="elementor-element elementor-element-2357191 e-flex e-con-boxed e-con e-parent" data-id="2357191" data-element_type="container">
					<div class="e-con-inner">
		<div class="elementor-element elementor-element-59df27c e-con-full e-flex e-con e-child" data-id="59df27c" data-element_type="container" data-settings="{&quot;background_background&quot;:&quot;classic&quot;}">
				</div>
		<div class="elementor-element elementor-element-832665f e-con-full e-flex e-con e-child" data-id="832665f" data-element_type="container">
		<div class="elementor-element elementor-element-179b259 e-con-full e-flex e-con e-child" data-id="179b259" data-element_type="container">
				<div class="elementor-element elementor-element-ce3f4eb elementor-widget elementor-widget-heading" data-id="ce3f4eb" data-element_type="widget" data-widget_type="heading.default">
					<h2 class="elementor-heading-title elementor-size-default">Quer ser Bombeiro?</h2>				</div>
				<div class="elementor-element elementor-element-21a5d3f elementor-widget elementor-widget-text-editor" data-id="21a5d3f" data-element_type="widget" data-widget_type="text-editor.default">
									<p>Se tem vontade de ajudar os outros e espírito de equipa, esta pode ser a sua oportunidade de fazer a diferença!</p><p> </p><p>A Associação Humanitária dos Bombeiros Voluntários das Caldas das Taipas está à procura de novos voluntários e profissionais comprometidos com os valores da solidariedade, entreajuda e responsabilidade.</p><p> </p><p><strong>Requisitos:</strong><br />− Idade compreendida entre os 17 e os 45 anos;<br />− Escolaridade mínima obrigatória, reconhecida legalmente em Portugal;<br />− Robustez física e psicológica, adequada às exigências da função;<br />− Espírito de equipa e espírito de entreajuda.</p><p> </p><p><strong>Aqui, cada ação conta! Junte-se a nós e ajude-nos a cuidar de todos.</strong></p>								</div>
				</div>
				<div class="elementor-element elementor-element-cf2da04 arrow-fix elementor-widget elementor-widget-button" data-id="cf2da04" data-element_type="widget" data-widget_type="button.default">
										<a class="elementor-button elementor-button-link elementor-size-sm" href="https://forms.office.com/pages/responsepage.aspx?id=DQSIkWdsW0yxEjajBLZtrQAAAAAAAA%20AAAAZ__jPdGlRUOFJMUlRSRlZSSVA0UVREQlZEMERaT1VGQS4u&#038;origin=lprLink&#038;route=sh%20orturl" target="_blank">
						<span class="elementor-button-content-wrapper">
						<span class="elementor-button-icon">
				<svg xmlns="http://www.w3.org/2000/svg" width="7" height="12" viewBox="0 0 7 12" fill="none"><path d="M6.45312 5.49609C6.69922 5.76953 6.69922 6.17969 6.45312 6.42578L1.20312 11.6758C0.929688 11.9492 0.519531 11.9492 0.273438 11.6758C0 11.4297 0 11.0195 0.273438 10.7734L5.05859 5.98828L0.273438 1.17578C0 0.929688 0 0.519531 0.273438 0.273438C0.519531 0 0.929688 0 1.17578 0.273438L6.45312 5.49609Z" fill="white"></path></svg>			</span>
									<span class="elementor-button-text">Inscreva-se aqui</span>
					</span>
					</a>
								</div>
				</div>
					</div>
				</div>
				</div>

<p>Quer ser Bombeiro? Se tem vontade de ajudar os outros e espírito de equipa, esta pode ser a sua oportunidade de fazer a diferença!   A Associação Humanitária dos Bombeiros Voluntários das Caldas das Taipas está à procura de novos voluntários e profissionais comprometidos com os valores da solidariedade, entreajuda e responsabilidade.   Requisitos:− Idade [&hellip;]</p>
